tor of 10 and m.
10
Let l(q) be the first derivative of -q**3/3 - 5*q**2 - 7*q - 1. Let c be l(-9). Calculate the highest common divisor of 4 and c.
2
Suppose -g - 78 = -4*g. Suppose 36 = 2*x + 2*n, -7*n + g = x - 2*n. Let h = x + -4. Calculate the highest common factor of h and 4.
4
Let p = -20 - -38. Let r be 6/(-4) - 21/(-2). Calculate the greatest common divisor of p and r.
9
Suppose -6*j = -4*j - 6. Let b be -1*2 + 4 + j. Let x be 2*(0 + (-1)/(-1)). Calculate the greatest common factor of x and b.
1
Let q = 34 - 23. Suppose -5*h = 4*n - 431, -n + 84 = -3*h - q. What is the greatest common divisor of n and 13?
13
Let k be (-8)/10 + (-120)/(-25). Suppose 4 = -5*l + 19, 46 = k*w + 2*l. Let f = 262 + -182. What is the greatest common divisor of f and w?
10
Suppose 3*d = -5*o + 12, -3*o - 3*d + 2*d + 4 = 0. Suppose -2*k - k + 144 = o. Suppose -p - p = -k. Calculate the highest common divisor of p and 36.
12
Suppose 4*z - 7 = 5. Suppose -4*m = -4, -56 = -4*v + z*m + m. Calculate the highest common factor of v and 105.
15
Let q = 113 - 111. What is the greatest common factor of q and 50?
2
Let j = -6 + 11. Let u be (2/2)/(5 - (0 + 4)). What is the greatest common divisor of j and u?
1
Let i be 2/(-7) + 136/(-14). Let a(j) = -2*j - 11. Let c be a(i). What is the greatest common factor of 81 and c?
9
Let r be 6/(-5)*(-40)/3. Suppose l = 3*z - 8, -r = 4*z - 5*z - 3*l. Let f be 36*((-2)/z - -1). What is the highest common divisor of f and 6?
6
Suppose w = 5*d, -3*w - 4*d - 5 + 24 = 0. Suppose -w*c + 80 = -0. Calculate the greatest common factor of c and 144.
16
Suppose -4*v - 7*y + 290 = -9*y, -y + 205 = 3*v. Calculate the highest common factor of v and 20.
10
Let n be (27/(-4) - -3)*-24. Suppose 4*r - 2*w - n = 3*w, -5*w = -3*r + 70. What is the greatest common divisor of 180 and r?
20
Let b(x) = 8*x - 7. Let v be b(4). What is the highest common factor of v and 125?
25
Let o(s) = -s**2 + 8*s - 3. Let p be o(3). What is the greatest common factor of p and 18?
6
Suppose 0 = 5*p - 30 - 65. Let o be (665/(-4))/((-2)/8). Suppose 4*g = -g + o. What is the greatest common factor of g and p?
19
Let s = 91 - 60. Suppose 6*k - s = 59. What is the greatest common factor of k and 135?
15
Let n = 1 - -3. Calculate the highest common factor of n and 20.
4
Let z(t) = -2*t**3 + t**2 - t - 1. Let f be z(-1). Let h(d) = -2*d**3 + d**2. Let k = 6 - 7. Let i be h(k). Calculate the greatest common divisor of i and f.
3
Suppose -3*y + 6 = -6. Let n = 43 + -15. What is the highest common divisor of y and n?
4
Suppose 2*y - 50 = 3*r, 5*y - 4*r = 4*y + 30. Suppose 5*x = 3*x + 44. What is the greatest common divisor of y and x?
22
Suppose 0*f = f - 2, 3*y - 4*f - 88 = 0. Calculate the highest common factor of y and 64.
32
Let k = -77 + 142. Calculate the greatest common factor of k and 39.
13
Let s(t) be the second derivative of 8*t**3/3 - 2*t**2 + 2*t. Let v be s(5). What is the greatest common divisor of 19 and v?
19
Let m(n) = 30*n - 18. Let c be m(6). Calculate the greatest common divisor of 18 and c.
18
Let i be 3 + (-3 - (-3 - -1)). Suppose i*x - 8 = x. Calculate the highest common divisor of x and 8.
8
Let y(w) = 108*w**2. Let q be y(1). Calculate the greatest common factor of q and 18.
18
Suppose 3*d - 6 = -0*d, -u + 4*d = -4. Let v be (2/3)/((-220)/45 + 5). Calculate the greatest common divisor of u and v.
6
Let r(h) = -h + 2*h**2 - 7 + 0*h**2 + 3. Let q be r(3). Suppose 19 + 18 = 3*u - 4*v, -u = 5*v - 6. What is the greatest common divisor of q and u?
11
Let d(m) = -8*m - 50. Let y be d(-10). Calculate the highest common divisor of 6 and y.
6
Let p = 170 - 256. Let h = -50 - p. What is the greatest common factor of h and 54?
18
Suppose -3*k + 4*r + 8 = -3, -3 = -3*r. Suppose k*x + 0*x - 10 = 0. Let i be 4/(-6) + 33/9. Calculate the highest common factor of i and x.
1
Suppose 11 = f + 3*l, -3*f - l = -3*l. Suppose -8 = -f*m + 8. Let t = 25 + 7. Calculate the greatest common factor of m and t.
8
Let m be ((-24)/30)/(2/(-105)). Calculate the greatest common factor of 12 and m.
6
Let s(p) = -p**3 + 7*p**2 + p - 5. Let y be s(7). Let q be y - ((-1 - 1) + -1). Suppose q*r - 9 - 11 = 0. Calculate the highest common factor of 10 and r.
2
Let w = 5 + 83. Calculate the greatest common divisor of w and 8.
8
Let l = 136 - 124. Calculate the highest common factor of 84 and l.
12
Let y(q) = -2*q**2 - 5*q - 3. Let k be y(-3). Let f(r) = -r - 5. Let m be f(k). Calculate the greatest common factor of m and 7.
1
Suppose 32 = -3*v + 7*v. Let l = 213 + -125. What is the highest common factor of l and v?
8
Suppose -2*a + 448 = 5*q, -4*a + a - 3 = 0. Calculate the greatest common factor of q and 18.
18
Let z be 1/(3 - (-152)/(-52)). Let a(p) = p**3 + 6*p**2 - 3*p - 9. Let u be a(-6). Let b = z - u. What is the greatest common divisor of b and 20?
4
Suppose -2*a - 147 = -5*a. Let g be (12/36)/((-2)/(-42)). Calculate the highest common factor of a and g.
7
Suppose 4*a - 1 = 7. Let l = -47 - -52. What is the highest common factor of a and l?
1
Let k = -9 - -13. Suppose 68 = k*j + w, -3*j + 2*w + 9 + 31 = 0. What is the highest common factor of j and 128?
16
Let v be (3 + -1)/(-3*4/(-18)). What is the greatest common factor of 1 and v?
1
Suppose 4*c - 275 = -c. Suppose -3*z = -5*y - c, -3*y = -2*z - 0*z + 35. What is the highest common divisor of z and 25?
5
Let n(x) = 3 - 4*x - 2*x**2 + x + 3*x**2. Let l be n(3). Suppose -3*f = -5*c - f + 47, -2*f = l*c - 25. What is the highest common divisor of c and 72?
9
Let r be 652/(-16) - 1/4. Let j be r/(-6) + 4/24. What is the greatest common divisor of 63 and j?
7
Let t(y) = y**3 - 9*y**2 + 9*y - 5. Let p be t(8). Suppose -3*z - 246 = -2*c - z, -p*c = -z - 365. Calculate the highest common factor of 11 and c.
11
Let o be 354 - 2*(-4)/(-4). Calculate the highest common divisor of 32 and o.
32
Let x be 6/(-27) + (-308)/(-9). Suppose 7 = 2*g - 3. Suppose g*d - 415 = 5*m, 2*m + 330 = 4*d - 3*m. Calculate the greatest common divisor of x and d.
17
Let x(n) = n**3 + 10*n**2 - n - 7. Let k be x(-10). Suppose -y + 2*y = k. What is the greatest common factor of 18 and y?
3
Let g = -25 + 4. Let n = g + 7. Let a be (-2)/7 - 1334/n. What is the highest common factor of 19 and a?
19
Let a = 98 - 76. Calculate the highest common factor of 2 and a.
2
Suppose -o + 1 = -3. What is the greatest common divisor of o and 20?
4
Let r(u) = -u**3 + 12*u**2 - 12*u + 7. Let z be r(11). Let k be (-2)/z*(-4 + 4). Suppose -160 = -4*c - k*c. What is the greatest common divisor of 10 and c?
10
Suppose 0*c = -5*c + 75. Suppose 0 = 15*n - 484 - 191. What is the highest common factor of c and n?
15
Let k be ((-4)/(-3))/((-2)/(-3)). Let f be 3*(-1 - -2)*k. Suppose 0 = -2*c + 16 + f. What is the greatest common divisor of 88 and c?
11
Let b = 4 - 2. Suppose 3*q = -3*x - 3, b*x - 4*q - 22 = -3*x. Suppose i + 35 = x*i. Calculate the highest common factor of i and 7.
7
Let t(z) = -z**3 - 5*z**2 + 5*z + 16. Let y be t(-6). Calculate the greatest common divisor of 11 and y.
11
Let g(a) = 4*a**2 + a**3 - 3*a - 3 + 2*a - 1. Let y be g(-4). Let l be y/1 + (3 - -53). What is the greatest common factor of l and 8?
8
Let z(r) = -3*r**3 - 1. Let n be z(-1). Suppose n*q = 5*x + 26, -3*q + 2*x - 5*x + 39 = 0. What is the highest common divisor of q and 13?
13
Let r be 140 - -2 - -4 - -1. Calculate the highest common factor of r and 21.
21
Suppose 2*i + 10 = -0*i. Let a be 4/3 - i/(-15). What is the greatest common factor of 3 and a?
1
Let u = 65 + -41. What is the highest common divisor of 3 and u?
3
Let f(z) = 8*z**3 - 2*z**2 - 4*z + 4. Let d be f(2). What is the highest common factor of 13 and d?
13
Suppose r = -2*r. Suppose -3*x + 13 = -2*m - r*m, m = -2*x - 3. Let u be 10/(-5) - (-14)/x. Calculate the highest common divisor of 4 and u.
4
Let l(p) = -p**2 + 8*p + 10. Let u be l(9). Let r(m) = -m + 1. Let h be r(-6). What is the highest common divisor of u and h?
1
Let p(s) = -s + 35. Let f be p(0). Let d(c) = -c - 1. Let n be d(-6). Calculate the greatest common factor of f and n.
5
Let p(f) = 5*f + 13. Let v be p(4). Let w(j) = -j**3 + 5*j**2 + 3*j - 4. Let n be w(5). What is the highest common factor of n and v?
11
Suppose 0*s + 28 = 2*s. Let p be 2/7 + (-198)/(-42). Suppose -4*i = -